= 4*w - 5*p. Suppose -h = h + w. Let l(m) = m**3 + 5*m**2 - m. What is the units digit of l(h)?
5
Let v(a) = a**3 - a**2 - 2*a + 3. Let r be v(3). Let s be ((-9)/r)/(1/(-5)). Suppose -6 = -3*l + s. What is the units digit of l?
3
Let m(h) = h**2 - 6*h - 13. What is the units digit of m(13)?
8
Let b(t) = -3*t**2 - t - 4. Let s be b(-4). Let y = s + 67. What is the units digit of y?
9
Let p = 19 + -7. Let w be (-16)/(-10) + (-2)/(-5). Suppose w*b = -2*b + p. What is the units digit of b?
3
Let y(l) = 4*l**2 + 1. Let f be y(1). Suppose 6 = f*n - 64. What is the units digit of n?
4
Suppose 0 = -2*g - 0*g + 88. Suppose 3*u - 20 = -n, -9 = 2*n + 5*u - g. Suppose 0 = -2*x + n*x - 24. What is the units digit of x?
8
Suppose 0 = 2*v - 0*v - 32. Suppose -4*b = -2*b + 2*c - v, -c = -4*b + 17. What is the units digit of b?
5
Suppose -2*z - q + 548 = 0, 0*z - 5*z = -3*q - 1370. What is the units digit of z?
4
Let m = 39 + -27. Suppose 0 = 2*j - 6*j + m. Suppose -t - j*t + 24 = 0. What is the units digit of t?
6
Let m be (-2 - -1)/(5/15). What is the units digit of (-13)/(m*(-4)/(-12))?
3
Let q = 298 + -167. What is the units digit of q?
1
Let n(x) = -x**3 + 10*x**2 + 2*x - 8. Let w be n(10). Let j = w + -8. What is the units digit of j?
4
Suppose -3*k = -a - 2, -3*a + 3*k - 5*k + 27 = 0. Suppose 0 = 4*m + 71 - a. What is the units digit of (m/28)/((-4)/14)?
2
Suppose -30*j + 31*j + 57 = 0. Let k = j - -82. What is the units digit of k?
5
Let t(a) = 6*a**2 - 4*a + 5. Suppose -u + 8 = 3*u. What is the tens digit of t(u)?
2
Let t(d) = d**3 - 2*d**2 - 5. What is the tens digit of t(4)?
2
Let f(z) be the second derivative of z**7/2520 - z**6/720 + z**5/15 + z**4/6 + 2*z. Let k(p) be the third derivative of f(p). What is the units digit of k(0)?
8
Suppose z - 6 = -2*b - z, -5*b + 13 = 3*z. Let l = 2 + b. What is the units digit of 9/15 - l/(-10)?
1
Let k = 16 + -9. Suppose -k + 28 = 3*q. What is the units digit of q?
7
Suppose 4*a - 5*p = -0*a + 9, 2*p + 5 = 3*a. Suppose 4*d - a = 7. Suppose 6 = d*t + z, z = -5*t + 10 - 1. What is the units digit of t?
1
Let x = -2 - -4. Let y be (11/(-2))/((-2)/(-4)). What is the tens digit of x/(-2 + (-24)/y)?
1
Let r(t) = t**2 - 7*t + 2. Let k be r(7). Suppose 0 = -2*j + 5*f + 49, -j - k*f = -0*j - 20. What is the units digit of j?
2
Suppose 2*u + 2 = u. Let c be (-1)/u*2*-17. Let m = -8 - c. What is the units digit of m?
9
Let x = 30 + -10. What is the tens digit of -10*2*x/(-16)?
2
Let c = 22 + 16. What is the tens digit of c?
3
Let s(m) = m**3 - 2*m**2 - 1. What is the units digit of s(4)?
1
Suppose -4*n + 6 = 2. Let i(d) = -d**2 + d - 2. Let w(u) = u**2 - u - 1. Let k(f) = n*w(f) - i(f). What is the units digit of k(1)?
1
Let g(o) = o**3 - 12*o**2 + 2*o - 13. Let s(p) = p**2 - 4*p + 7. Let b be s(5). What is the units digit of g(b)?
1
Let g(f) = f**3 - 6*f**2 + 3. Let j be g(6). Suppose 2*a - 18 = -w, j*w - 3*a - 45 = -0*a. What is the tens digit of w?
1
Let s(n) = -29*n - 44. What is the units digit of s(-6)?
0
Suppose 4*v + 3*z = v - 9, 5*v - 25 = 3*z. What is the units digit of (-10)/3*(-27)/v?
5
Let a = -57 - 14. Let d = a - -118. What is the units digit of d?
7
Let d(w) = 2 + 7*w**2 + 4*w**2 - 2*w**2 + w**3. Suppose 4*q + 36 = -5*o, -18 = q + q + 4*o. What is the units digit of d(q)?
2
Let k = -5 - -11. Let n(f) = 3*f + 7. Let z be n(k). Suppose -2*b = 8, -5*o + z = -3*b + 3. What is the units digit of o?
2
Suppose 3 = 3*t, 8*t + 21 = -5*w + 4*t. Let j = w + 6. What is the units digit of j*(1 + 1) - 0?
2
Suppose 0*h = -3*h + 6. Suppose 0 = 3*v - v - 6. Suppose v = j - h. What is the units digit of j?
5
Let s(j) = j**3 - 12*j**2 - 12*j - 9. Let a be s(13). Suppose a*z - 75 = -19. What is the tens digit of z?
1
Suppose -a = -2*a + 4. What is the units digit of a?
4
Let z(s) = -2*s - 1. Let o be z(-2). Let c be ((-8)/o)/((-4)/6). Suppose -c*x = -2*x - 24. What is the units digit of x?
2
Let x(h) = h**2 - 2*h. Suppose 0 = -5*c - 2*y - 7, -2*c = -c - 3*y + 15. Let i = c + 8. What is the tens digit of x(i)?
1
Suppose 0 = 4*j - 4. Let f(i) = i**3 - 2*i**2 + 1. Let z be f(j). Let r = 1 - z. What is the units digit of r?
1
Let r = 15 - 10. Suppose 3*l = 3*h, 0 = -4*l - 0*h + r*h - 3. Suppose -9 = l*s - 33. What is the units digit of s?
8
Let s(d) be the second derivative of d**4/12 + 13*d**2/2 - 3*d. What is the units digit of s(0)?
3
Suppose h - 8 = -2*z - 0, -5*h = -3*z + 25. Suppose r - v = 10, -r - 5*v = -3*v + z. Suppose d - 12 = -4*b, b + 3*d - 4 = r*b. What is the units digit of b?
2
Let z = -5 + 2. Let o be 8/z*(-18)/8. Let r = o - 0. What is the units digit of r?
6
Suppose n + 0*i - 3*i = 78, -2*n - 2*i + 116 = 0. What is the tens digit of n?
6
Suppose 2*v = -3*g + 78 - 12, -2*g + 34 = -2*v. What is the tens digit of g?
2
Let c = 298 + -15. What is the hundreds digit of c?
2
Suppose 2*z = n + 6*z - 9, -2*n + 3*z + 7 = 0. Let l be ((-30)/(-25))/((-1)/n). What is the units digit of (-20)/l - 5/15?
3
Suppose a - 3*a + 8 = c, 0 = 4*a - c - 4. What is the units digit of ((0 - -6) + 0)/a?
3
Let h(d) = -4*d - 4. Let f(w) = 5*w + 5. Let i(z) = -5*f(z) - 6*h(z). Let a be i(-1). What is the units digit of 2 - a - 3/(-1)?
5
Let k(a) = 4*a**2 - 2. Let z(t) = -t. Let y(x) = k(x) + z(x). Suppose -2 = -5*h + 8. What is the tens digit of y(h)?
1
What is the units digit of -16 + 25 - 4/(-2)?
1
Let a = 3 - 4. Suppose -4*i + i = -5*o - 18, -3 = -3*i. What is the units digit of (a - 3)*(1 + o)?
8
Suppose 0*d - 3*y - 31 = -d, 0 = 2*d + 4*y - 62. Suppose -d = -2*q + q. What is the units digit of q?
1
Let o(j) = 10*j**2 + 4*j - 1. What is the units digit of o(-2)?
1
Let p be 1 - (-57 + 2 + -2). Suppose b - p = -2*n, b + 31 = n + 2*b. What is the units digit of n?
7
Let y be ((-1)/2)/((-1)/(-10)). Let x = 6 + y. Suppose -2*u + 3 = -x. What is the units digit of u?
2
Let t(q) = -q**2 + 2*q - 2. Let y be t(2). Let v be -5*1 + (-2 - y). What is the units digit of (v/4)/(3/(-12))?
5
Let l = 47 - 23. Let r = 9 + -4. Suppose 0 = -r*i - 10, -2*i + l = 7*h - 3*h. What is the units digit of h?
7
Suppose -3*z + 69 = 5*c - c, 0 = -4*c + z + 57. Let k = c - 9. What is the units digit of k?
6
Suppose 10*f = 5*f + 95. What is the units digit of f?
9
What is the units digit of 2/((-4)/(-4))*70/4?
5
Let v(q) be the third derivative of q**5/20 - q**4/6 + 2*q**3/3 + 2*q**2. What is the units digit of v(3)?
9
Let l(f) = f - 8. Let t be l(5). What is the units digit of (-22)/t + 2/3?
8
Suppose 3*m = 50 + 28. What is the units digit of m?
6
Suppose -12 + 63 = h. What is the tens digit of h?
5
Suppose 0 = -8*h + 265 + 391. What is the units digit of h?
2
What is the tens digit of (-20)/8*(-616)/35?
4
What is the tens digit of 0 - ((-2886)/30 + 2/10)?
9
Suppose -w - 6 = -4*w. Suppose -2*z - p + 20 = 0, -w*z + 9*p - 4*p = -20. What is the units digit of z?
0
Let z(l) = l - 3. What is the units digit of z(5)?
2
Suppose 11*u - 383 - 365 = 0. What is the tens digit of u?
6
Let w(x) = -11*x. What is the units digit of w(-3)?
3
Suppose -x - 5*w + w - 14 = 0, 3*w = 2*x + 17. Let d = 17 + x. What is the units digit of d?
7
Let p(n) = 0 + n + n**3 - 4*n**2 - 2 + 2*n + 1. What is the tens digit of p(4)?
1
Let n(v) = v - 19. Let h be n(8). Let s = h + 18. Let t = s + -4. What is the units digit of t?
3
Let x = -15 - -21. Suppose i - x*i - 14 = -h, 17 = -2*h - 5*i. Let l = 5 + h. What is the units digit of l?
4
What is the tens digit of 1/4 - (-153)/12?
1
Suppose -3*v - 7 = t - 0, -3*v = 0. Let n(s) be the third derivative of -s**4/24 - s**3/2 - s**2. What is the units digit of n(t)?
4
Suppose 0 = 2*a + 2*a + 2*v - 6, -2 = -3*a - 2*v. Let z(c) = c + 3. What is the units digit of z(a)?
7
Let o(x) = x**3 + 6*x**2 + 4*x + 6. What is the units digit of o(-4)?
2
Suppose -o - 17 = -4*g, 2*g + 3*o - 24 = -g. What is the units digit of g?
5
Let c(a) = a**2 - 11*a + 18. What is the units digit of c(10)?
8
Suppose 8*l = 3*l. Suppose -2*d + 4 = -l. Suppose -12 = -d*g + 3*n + 13, 3*n = 4*g - 53. What is the tens digit of g?
1
Suppose 9*y - 138 = 6*y. What is the tens digit of y?
4
Let n(c) = -c - 1. Let a be n(-1). Let b = a + 3. What is the units digit of b?
3
Suppose -4*u + 4*l = -16, 0 = 3*u + l + 3*l - 33. Let x = u + 2. What is the units digit of x?
9
Let g = 7 - 7. Let f = g 